/x) is divided by 16.
14
Suppose 3*l - 177 + 26 = -2*z, 198 = 4*l + z. What is the remainder when 239 is divided by l?
43
Let r = -110 - -78. Let n = r + 45. Calculate the remainder when n is divided by 4.
1
Suppose -h = -5*d - 8 - 13, 4*h + 2*d - 18 = 0. What is the remainder when 352 is divided by h?
4
Calculate the remainder when 21532/84 - 1/3 - -2 is divided by 117.
24
Suppose 0 = f - 11*f + 260. Let a = 49 + -6. Calculate the remainder when a is divided by f.
17
Let b(n) = 4*n + 52. Let c be b(-18). What is the remainder when -2*(374/c + (-2)/(-10)) is divided by 13?
11
Let c(i) = 13 - 5*i - 6*i**2 + 11*i**2 + 0*i**2. Calculate the remainder when c(4) is divided by 19.
16
Let v = 116 + -59. Let x = 86 - 38. Let k = x - 28. Calculate the remainder when v is divided by k.
17
Suppose 3*c - 3*z = 15, -5*z - 4 = 2*c + 7. Suppose -4*k - c*o + 8 = 0, -10 = -5*k - 2*o - o. Let b = 4 + -1. Calculate the remainder when b is divided by k.
1
Let x = -60 - -80. What is the remainder when 97 is divided by x?
17
Let r = 1239 - 1203. What is the remainder when 42 is divided by r?
6
Suppose 573 = s + 531. What is the remainder when 143 is divided by s?
17
Suppose 3 = i - 34. What is the remainder when (145/(-4) + 17/68)*-4 is divided by i?
33
Suppose -3 = 4*z + 9, -11 = -5*l - 3*z. Suppose 0 = 3*y, -l*o + 3*y + y = -20. Suppose 0 = o*g - 67 - 43. What is the remainder when 63 is divided by g?
19
Suppose 48*f + 97 = 625. Calculate the remainder when 714 is divided by f.
10
Let n(u) = 176*u**2 - 3*u + 1. Let x be n(-1). Suppose -730 - x = -14*k. What is the remainder when k is divided by 22?
21
Suppose -2*n + 5*l = -3333, -5*n + 8318 = 2*l - 0*l. Calculate the remainder when n is divided by 45.
44
Let i(r) = 5*r**3 - 2*r**2 - 12*r + 25. What is the remainder when i(3) is divided by 27?
25
Suppose 3*t - 5*f = 205, -t - 207*f = -208*f - 67. Suppose -2*n + 8 = -4*n. What is the remainder when t is divided by (-2)/n - (-66)/4?
14
Let f be (-6*20/(-75))/(4/10). Suppose -34 - 110 = -f*o + 4*w, -5*o = 5*w - 150. What is the remainder when o is divided by 7?
5
Let i be 0*(1 - (1 + -1)). Suppose i*v + 8 = 4*v. Calculate the remainder when 1 + (140/25 - (-12)/(-20)) is divided by v.
0
Let b = 15 - 13. Calculate the remainder when (1/b)/((-18)/(-828)) is divided by 14.
9
Let n(r) = -2*r**3 + 24*r**2 + 27*r + 18. What is the remainder when 182 is divided by n(13)?
27
Suppose 114*z + f = 109*z + 65, 3*f = 5*z - 45. Calculate the remainder when 57/(-5)*(5 + -10) is divided by z.
9
Let d = 1283 + -1034. What is the remainder when d is divided by 51?
45
Let q(w) = -3*w + 4*w - w + 11 - w. Let m be q(9). Suppose p - m*p = -58. Calculate the remainder when p is divided by 15.
13
Suppose -509 = -3*d + 2*c, -378 = -4*d + 2*c + 304. What is the remainder when d is divided by 58?
57
Suppose -3*k - t = -169, 0 = -5*t - 19 - 6. Calculate the remainder when k is divided by 15.
13
Let z(j) = -66*j - 9. What is the remainder when z(-1) is divided by 16?
9
Let a(h) = -h**2 + 22*h - 38. Calculate the remainder when 550 is divided by a(13).
76
Let z be (-3)/((-18)/4 - -4). Suppose 8*v - z*v - 72 = 0. Calculate the remainder when v is divided by 13.
10
Let p = 133 - 99. Let w = 164 - 98. Calculate the remainder when w is divided by p.
32
Suppose 4*t - 9*t + 2*d + 360 = 0, 2*d + 10 = 0. What is the remainder when t is divided by 25?
20
Let k = 5 - -171. Let v be (-64)/11 + (-32)/k. Calculate the remainder when 8/(-2 + (-13)/v) is divided by 10.
8
What is the remainder when 226 is divided by -152*(33/(-6) - 0 - -5)?
74
Let y(d) = -d**3 - 11*d**2 - 10*d - 8. Let t be y(-10). Let o(i) = -i + 2. Calculate the remainder when 59 is divided by o(t).
9
Let z(h) = -h**3 - 33*h**2 - 65*h - 74. Calculate the remainder when 643 is divided by z(-31).
16
Let k(c) = -c - 4. Let b(f) = -f - 34. Let q be b(0). Let w = 22 + q. Calculate the remainder when 38 is divided by k(w).
6
Let f be 84/3*(-6)/(-12). Let q(n) = n**3 - 15*n**2 + 20*n + 11. What is the remainder when q(f) is divided by 24?
23
Let y(g) be the second derivative of g**4/12 - 3*g**3/2 - 3*g**2 - 10*g. Calculate the remainder when y(10) is divided by 1.
0
Let o = 387 - 383. Let i = 13 + -9. Calculate the remainder when i is divided by o.
0
Suppose 49*n = 20*n + 1160. What is the remainder when 137 is divided by n?
17
Suppose -2*f - 3*f - 4*t - 36 = 0, f + 16 = -3*t. Calculate the remainder when 12 is divided by -4*(17/f - -3).
2
What is the remainder when 122 is divided by (-8 + 28)*2 - -6?
30
Suppose -r = 5*g - 918 + 248, 1415 = 2*r - 5*g. Calculate the remainder when r is divided by 41.
39
Let f(o) be the third derivative of o**6/60 - o**5/12 - o**4/24 - 2*o**3 - 12*o**2. Calculate the remainder when 157 is divided by f(4).
29
Suppose 0*x + 2*x = 4*h + 64, 3*x + h = 75. Let j = -149 + 251. What is the remainder when j is divided by x?
24
Let r(x) = x**2 + 7*x - 36. Calculate the remainder when r(8) is divided by 17.
16
What is the remainder when (-2)/4*(3 - 49) is divided by 13?
10
Let p(d) = -3*d + 2. Let h be p(-8). Suppose 2*k + 3*k = v - h, 5*k + 179 = 4*v. Calculate the remainder when v is divided by 14.
9
Suppose -2*b + 288 = 270. What is the remainder when 176 is divided by b?
5
What is the remainder when (-91052)/(-20) + (-112)/70 is divided by 157?
155
Let h = -211 + 213. Suppose 0 = -h*t + 6 + 48. What is the remainder when 626/8 + (-3)/12 is divided by t?
24
Let q(z) = z**2 - 10*z + 62. Let c(x) = -6*x + 4. What is the remainder when q(7) is divided by c(-3)?
19
Let i(o) = -3*o**3 - 3*o**2 - 7*o - 8. What is the remainder when 141 is divided by i(-2)?
15
Let n = -6 + 3. Let j(u) = u**3 + 3*u**2 - 5*u - 2. Let t = 7 + -2. What is the remainder when j(n) is divided by t?
3
Let s be 42/15 + 4/20. Suppose -s*t - 7*t + 50 = 0. What is the remainder when 14 is divided by t?
4
Suppose z + 5*n = 3*n + 14, 5*n - 25 = 0. What is the remainder when -1*(-18)/(-6) + 20 is divided by z?
1
Calculate the remainder when 2316/16 + 2 - 3/(-12) is divided by 51.
45
Let o = -392 - -2834. Calculate the remainder when o/30 - 2/5 is divided by 21.
18
Let r = -331 - -338. Let c(u) = 9 + 0*u**2 + 7*u - u**2 + 2*u. What is the remainder when 90 is divided by c(r)?
21
Suppose 0 = f - 3*f + 12. What is the remainder when -66*2*(-1)/f is divided by ((-4)/14)/((-11)/308)?
6
Suppose -5*k = 2*h - 53, 60 = -0*h + 3*h + k. Calculate the remainder when 52 is divided by h.
14
Suppose -8*v + 5*t = -6*v - 176, -2*t = -3*v + 275. Calculate the remainder when v is divided by 8.
5
Suppose 431 = 4*m - 305. What is the remainder when m is divided by 95?
89
Suppose -5*l + 11 = 1. Let n(y) = 2*y**3 - y**2 + y + 3. Calculate the remainder when n(l) is divided by 10.
7
What is the remainder when 380 + -2 + 24/56*-7 is divided by 18?
15
Let f be 333422/(-8) - (-11)/(-44). What is the remainder when 4/(-34) - f/238 is divided by 45?
40
Suppose 0 = 5*s + 3*h - 171, -s + 2*h = -22 - 20. Calculate the remainder when s is divided by 20.
16
Let g(k) = -k**3 - k**2. Suppose 19 = -q + 6. Let j = q - -10. Calculate the remainder when 35 is divided by g(j).
17
Suppose 10*k = -1109 + 4619. What is the remainder when k is divided by 22?
21
Let z(t) = t**3 + 2*t**2 - 4*t - 1. Suppose -m + 10 = -3*m, 0 = -5*q + 3*m. What is the remainder when z(q) is divided by 1?
0
Let j be (-1 + 0)/((-1)/1). Let n = 8 - 12. Calculate the remainder when 9 is divided by 1 + -2 + (j - n).
1
Let q = -121 + 154. Let n = 6 - -6. What is the remainder when q is divided by n?
9
Suppose 0 = 3*d - 6*d + 9. Calculate the remainder when 47 is divided by 0 + d + 1 + 12.
15
Suppose 3*d = -d + 212. Let m = d + -23. What is the remainder when 148 is divided by m?
28
Suppose -g - 2 = 0, 4*g - 5*g + 2 = a. Calculate the remainder when a is divided by 1.
0
Suppose 23*k - 26*k - 5*n = -284, 2*n = -4*k + 402. Calculate the remainder when k is divided by 10.
3
Suppose -2100 = -11*h + 2267. What is the remainder when h is divided by 57?
55
Let r = -63 + 99. What is the remainder when 103 is divided by r?
31
What is the remainder when -9 - 9/(54/(-588)) is divided by 29?
2
Let u = 92 + -47. Suppose 5*n - 4*n - u = 0. Suppose 4*h = 137 - 45. What is the remainder when n is divided by h?
22
Calculate the remainder when ((-70